11111111111
What is -107a26 (base 13) in base 2?
-1011110110100101010
-22176042 (base 9) to base 4
-220331220200
Convert 2210020020 (base 3) to base 6.
1101523
-640035 (base 8) to base 10
-213021
What is -2222210020 (base 4) in base 14?
-142864
-1003013320 (base 4) to base 11
-178622
Convert 242134 (base 5) to base 14.
3420
What is -74a55 (base 14) in base 5?
-33010143
-189414 (base 11) to base 15
-5b1c2
Convert c10483 (base 15) to base 13.
1b8b296
Convert 19872 (base 11) to base 14.
a123
-3a120 (base 12) to base 15
-18906
Convert 4b43c (base 14) to base 15.
39ac6
Convert 3004013 (base 5) to base 2.
1011100100010111
4024536 (base 9) to base 10
2142240
What is -16656 (base 7) in base 8?
-11272
Convert 114055454 (base 6) to base 15.
2c82e4
Convert 4622700 (base 11) to base 6.
445144045
Convert 1ac5a7 (base 16) to base 5.
422121120
Convert -111323100 (base 5) to base 4.
-1320330220
174c6 (base 15) to base 5
4402321
51183 (base 10) to base 2
1100011111101111
Convert 4baec (base 16) to base 6.
10351100
631909 (base 11) to base 7
11415233
-152101d (base 14) to base 2
-100111010010001110010011
What is 728a51 (base 14) in base 11?
22002a7
What is -f707 (base 16) in base 11?
-43570
Convert 1b4b448 (base 12) to base 14.
ab910c
Convert 1351331 (base 10) to base 4.
11021322203
Convert 16a768 (base 14) to base 7.
6530161
What is -a88aa (base 16) in base 15?
-d9831
-14b96a8 (base 12) to base 14
-7c00da
Convert 394690 (base 14) to base 11.
1127238
What is -267379 (base 14) in base 5?
-314413142
Convert -412322 (base 9) to base 15.
-4c688
-42302031 (base 5) to base 9
-587676
What is 35553153 (base 6) in base 5?
241303130
What is -602 (base 11) in base 12?
-508
What is -22122211210 (base 3) in base 15?
-3579c
Convert -126881a (base 11) to base 12.
-899222
What is 11120202010111 (base 3) in base 15?
331a3d
Convert -3925db (base 14) to base 10.
-1965877
Convert -266a51 (base 12) to base 2.
-10011010110001011101
Convert 4490578 (base 10) to base 14.
84c718
Convert 98374 (base 10) to base 11.
67a01
1814810 (base 9) to base 13
2966a6
What is 1b6080 (base 12) in base 11?
303204
What is 103617 (base 8) in base 12?
180bb
-1add8 (base 15) to base 8
-252717
Convert -25b7b (base 16) to base 6.
-3151123
Convert 162251 (base 9) to base 13.
36727
Convert -1143211 (base 6) to base 13.
-2160a
What is -1322441311 (base 5) in base 14?
-628a14
What is -101001111110101100111100 (base 2) in base 10?
-11004732
Convert 11130313102 (base 4) to base 6.
50343254
-4241020 (base 6) to base 11
-131a67
Convert -3b9211 (base 12) to base 7.
-11263411
Convert 1861646 (base 10) to base 14.
36662a
4305622 (base 7) to base 11
327a73
13141304 (base 5) to base 12
63865
What is 301201320 (base 4) in base 5?
22442442
What is -4402610 (base 7) in base 12?
-21b98b
Convert 386557 (base 9) to base 8.
711742
Convert 43233323 (base 5) to base 7.
3061531
What is -3131255 (base 6) in base 5?
-14330310
What is -133a83 (base 14) in base 10?
-663379
What is -1312021010 (base 4) in base 3?
-220120210112
13200111010 (base 4) to base 5
1000424203
What is 11165100 (base 8) in base 5?
1104404024
Convert 3314502 (base 9) to base 2.
110110010111001101010
What is -1754738 (base 9) in base 16?
-ef873
-89ce6 (base 16) to base 5
-121030304
-a48c6 (base 14) to base 15
-7c8d8
Convert -1074085 (base 14) to base 6.
-435215141
Convert 599160 (base 15) to base 16.
415b36
What is -23423433 (base 5) in base 15?
-44613
100110101001111011 (base 2) to base 10
158331
Convert -a3bb2 (base 14) to base 7.
-3232512
Convert 754213 (base 9) to base 4.
1231223112
-2709855 (base 10) to base 11
-1590a55
Convert 539520 (base 10) to base 16.
83b80
1a0231 (base 11) to base 8
1131031
What is 1a81a5 (base 11) in base 7?
2464056
-121421400 (base 6) to base 8
-10663510
Convert 2302024 (base 6) to base 11.
7aa74
-583166 (base 10) to base 8
-2162776
What is 52a836 (base 13) in base 7?
22315045
1040200032 (base 6) to base 9
23080322
What is -91389 (base 11) in base 16?
-209b8
Convert 133a517 (base 11) to base 12.
936362
Convert -101101001011010101101 (base 2) to base 9.
-2705610
Convert -66244233 (base 7) to base 3.
-101201011202210
-18c00 (base 13) to base 6
-1010553
Convert aa111 (base 12) to base 5.
24143142
What is 10121202111 (base 3) in base 10?
71266
Convert -76eedb (base 16) to base 14.
-106c747
What is 2b927d (base 16) in base 13?
78c998
3a10a6 (base 11) to base 10
631010
-1000001101010100000 (base 2) to base 5
-32101320
-253888 (base 11) to base 13
-110303
What is -321d3 (base 14) in base 3?
-20011010211
-15311 (base 16) to base 5
-10234201
What is -1020123002 (base 4) in base 9?
-501822
-122201230221 (base 4) to base 8
-32415451
-115321 (base 10) to base 7
-660133
Convert -1012031212 (base 4) to base 3.
-112121111111
What is -280c3 (base 14) in base 10?
-98955
-37c9709 (base 13) to base 5
-13431140200
What is 110001111111101000 (base 2) in base 4?
301333220
Convert -32051203 (base 6) to base 15.
-138746
Convert -304234131 (base 5) to base 14.
-245009
Convert -196137 (base 11) to base 4.
-1021132213
Convert 4052810 (base 9) to base 6.
114151100
Convert -2030404131 (base 5) to base 9.
-7730674
Convert -270252 (base 8) to base 11.
-649a9
Convert -2178804 (base 9) to base 14.
-227d78
Convert -40354210 (base 8) to base 6.
-502220104
Convert -1041053 (base 9) to base 16.
-8857e
What is -1124210203 (base 5) in base 8?
-11632324
Convert -648c9b (base 15) to base 14.
-8c9188
Convert 424545 (base 6) to base 12.
18155
-165352 (base 14) to base 2
-10111111000101101100
Convert 1126143 (base 8) to base 6.
10321535
11121134 (base 6) to base 9
563534
What is -548910 (base 10) in base 5?
-120031120
Convert -20001001002202 (base 3) to base 11.
-18a2083
1314313 (base 5) to base 6
321200
1171723 (base 8) to base 11
201938
Convert 21200110011 (base 3) to base 15.
2ec21
Convert -315041 (base 7) to base 14.
-15c58
Convert 211202 (base 6) to base 14.
6362
What is 2220210210200 (base 3) in base 2?
101111010101101000000
What is -2000201 (base 3) in base 13?
-898
Convert 433255240 (base 6) to base 13.
17a4707
What is -352096 (base 12) in base 16?
-d06f2
Convert 1755200 (base 8) to base 16.
7da80
Convert -24db1 (base 14) to base 15.
-1bc41
What is -444044043 (base 5) in base 4?
-13121300223
What is a7379a (base 11) in base 3?
10020021120122
What is 124440 (base 9) in base 13?
28458
Convert 227117 (base 9) to base 12.
66b44
-2c22aa (base 14) to base 13
-42022c
-3141534 (base 7) to base 6
-12051043
Convert 3051444 (base 6) to base 4.
203312110
Convert -389923 (base 10) to base 13.
-108631
What is -20ea0 (base 15) in base 6?
-2124010
Convert -ab6c2c (base 13) to base 12.
-142b3a5
What is 110002110122 (base 3) in base 4?
322012223
-1753948 (base 11) to base 14
-577013
-6605c4 (base 13) to base 12
-978b69
Convert -1cba958 (base 13) to base 9.
-20082215
Convert -172147 (base 9) to base 14.
-2ab94
What is -35651 (base 13) in base 16?
-17dd4
-3381472 (base 9) to base 6
-103041232
Convert -15605151 (base 7) to base 15.
-1edac0
Convert -102110110010 (base 3) to base 13.
-7b8ac
What is 26014220 (base 7) in base 14?
454cb7
-1001101100011111101 (base 2) to base 10
-317693
Convert 2a2661 (base 14) to base 11.
911934
201080 (base 10) to base 11
128090
Convert -19b43 (base 15) to base 13.
-2c040
What is 62029 (base 12) in base 2?
11111001110100001
4400000 (base 6) to base 14
594c0
-21100012020 (base 3) to base 11
-99609
-500681 (base 9) to base 5
-33431204
What is -32125 (base 12) in base 5?
-4101322
Convert -111101111001101100 (base 2) to base 8.
-757154
What is 1788b93 (base 12) in base 11?
2853403
-364c0e (base 15) to base 11
-1514a8a
25560304 (base 8) to base 13
1244720
-31513015 (base 7) to base 11
-1568375
Convert -7cabc (base 13) to base 12.
-b0034
-14101 (base 15) to base 8
-175537
What is -3dded (base 15) in base 3?
-101002211121
Convert 275537 (base 8) to base 16.
17b5f
162350 (base 8) to base 15
1256a
Convert -3013301313 (base 4) to base 6.
-25312223
29c74 (base 15) to base 13
49261
6117776 (base 8) to base 5
403120242
What is a67140 (base 13) in base 8?
16700770
94489 (base 12) to base 11
122a11
-2ddb5d (base 16) to base 12
-100b1b9
-30032310 (base 5) to base 8
-716044
Convert -12525365 (base 7) to base 15.
-17a942
Convert -dea8 (base 15) to base 11.
-324a4
-463412 (